 Give a(m).
14
Let i(z) = -41 - 24*z + 81 - 33. Let r(j) = -36*j + 10. Let y(s) = 7*i(s) - 5*r(s). Determine y(-1).
-13
Let i(t) = t**2 + t + 1. Let x(l) = 2*l - 6. Let y be x(9). Let h(z) = y - 4*z**2 - 7 - 6. Let m(d) = h(d) + 3*i(d). What is m(4)?
-2
Let w(d) = -25*d - 10 + 13 - 10 + 9*d**2 + 11*d - 6*d - d**3. Determine w(4).
-7
Let j(a) = -25*a**2 + 7*a - 4*a - 3 + 26*a**2. Let n be j(-4). Let u be (5/(-15) + n)/(1/(-6)). Let s(w) = -w**2 - 7*w. Give s(u).
12
Let l(z) = 11*z - 1. Let w = 255 - 253. Suppose 2*a - 2*i - 9 = 3, 0 = 3*a + w*i + 7. Give l(a).
10
Let o(w) = w**3 - 13*w**2 + 30*w + 4. Let h = -17916 + 17926. Determine o(h).
4
Let y = 173 + -169. Suppose -4*j = y, 0 = 8*t - 13*t + 4*j + 59. Let v(o) = o**2 - 12*o + 1. Determine v(t).
-10
Let x be (-3997)/(-14) + -2 + (-15)/(-6). Let n = x - 297. Let b(g) = g - 1. Determine b(n).
-12
Let r(p) be the third derivative of -p**5/15 - 7*p**4/8 - 2*p**3/3 + 5*p**2 + 2*p - 428. Give r(-3).
23
Let r(s) = -6*s**3 - 6*s - 5. Let f(k) = -37*k**3 + k**2 - 38*k - 29. Let l(h) = -2*f(h) + 13*r(h). What is l(-2)?
21
Let r(a) be the second derivative of a**5/20 - 7*a**4/6 - a**3 - 11*a**2 + 718*a - 2. Calculate r(15).
113
Let y(o) = o**2 - 4*o. Suppose -136 = -0*p - 4*p. Let b = -30 + p. Suppose s - c - 4 = -b*c, 5*s = -3*c + 20. What is y(s)?
0
Let s be (-3*1)/((-1)/((-6)/(-9))). Suppose -5*d = 3*b - 17, -s*d = d + b - 11. Let k(n) = 12 - 6 - n**2 - d + 1. Calculate k(-3).
-6
Let r(u) be the third derivative of -7*u**4/24 - 5*u**3/6 + 9*u**2 - 5. Let f(q) = 12*q + 10. Let l(v) = -4*f(v) - 7*r(v). What is l(12)?
7
Let n(i) = i - 13. Let l be n(11). Let p be (l + 0)*(-16)/16. Suppose -3*s + 3*d = 12, s - 13 = 2*s + p*d. Let b(v) = v**3 + 7*v**2 + v + 2. Give b(s).
-5
Suppose -2*l + 17 = 3*j, -8*l + 4 = -4*j - 4*l. Let d(q) = -61*q**3 + j*q + 19*q**2 + 3*q - 64*q**3 + 128*q**3. What is d(-6)?
0
Let r(u) = 100*u - 384. Let z(v) = -34*v + 135. Let f(h) = -8*r(h) - 22*z(h). Determine f(2).
-2
Let n(l) = l**3 + 10*l**2 + 14*l - 2. Let w be 16/(-10) + 71/(8165/(-46)). Determine n(w).
2
Suppose -8 = k + k. Let o(r) = -3*r**3 - 12*r**2 + 45*r. Let h(q) = -q**3 - 4*q**2 + 13*q. Let l(g) = -7*h(g) + 2*o(g). Determine l(k).
4
Let s = 2433 + -2432. Let k(n) = -25*n**2 - 20. Let c(m) = -m**2 - 1. Let v(i) = -100*c(i) + 5*k(i). Calculate v(s).
-25
Let u(t) = -t**3 - 8*t**2 + 9*t - 8. Let m = -72 + 77. Suppose -m*l + 27 = 72. Determine u(l).
-8
Suppose 12*o = -1000 + 1036. Let d(p) = -5*p**3 + 13*p**2 + 4*p + 3. Let j be d(o). Let q(t) = -2*t**3 - t**2 - 2*t - 4*t**2 - 2*t. What is q(j)?
21
Let o(n) = -12*n**2 - 2*n - 2. Let s be o(-1). Let j be (-4 + (-64)/s)*-18. Let m = j + 26. Let f(y) = 2*y**2 - 4*y + 2. Determine f(m).
2
Suppose -4*p = -2*p. Suppose -4*i - b + 15 = 0, 2*b - 6 = -p*b. Let l be 0 - ((-3)/i - -5). Let a(o) = 2*o + 5. Give a(l).
-3
Let u = -21/515 - -557/1030. Let n(l) be the first derivative of 28 - l + u*l**2. Calculate n(6).
5
Let m(i) = 14*i**3 + 16*i**2 - 41*i + 184. Let c(u) = 5*u**3 + 3*u**2 - u. Let p(h) = -3*c(h) + m(h). What is p(6)?
-8
Let t(s) = -s**3 + 13*s**2 - 5*s - 6. Let d(k) = -k**3 + 14*k**2 - 6*k - 6. Let z(f) = -6*d(f) + 7*t(f). Let g be (-135)/(-9) - (9 + -1). Give z(g).
1
Let l(i) = -i - 5. Let j(u) = 1. Let a(b) = 8*b - 186. Let y(f) = -a(f) - 3*j(f). Let p be y(22). Calculate l(p).
-12
Let z(c) = -2*c + 76. Let i be (-32)/(-360)*81*5/2. Calculate z(i).
40
Suppose 0 = -16*z + 92*z + 1368. Let o(g) = g**3 + 17*g**2 - 18*g - 15. Calculate o(z).
-15
Let v(m) = -7*m**2 - 6*m + 9. Let s(g) = 6*g**2 + 5*g - 8. Let h(l) = -5*s(l) - 4*v(l). Let u(o) = -876*o**2 + 11389*o - 16. Let z be u(13). Calculate h(z).
-11
Suppose -2*w - 3*d = 12, w - 4*d + 0*d = 16. Let y(g) = -g**2 - 3. Calculate y(w).
-3
Let r(m) = m**2 + m + 1. Let c = 45 + -42. Suppose -6*v = -c*v - 6. Suppose -2*i = -0*i + v. Give r(i).
1
Let i(m) be the second derivative of -m**4/12 - m**3/2 + 10*m**2 + 7821*m. What is i(-7)?
-8
Suppose 0*n + 20 = 5*n. Let p(x) be the third derivative of x**6/120 - x**5/20 - x**4/12 + x**3/2 - 28899*x**2. Give p(n).
11
Let o(s) = -3 + 1 + 841*s - 843*s - 1. Calculate o(10).
-23
Let h(a) = 2*a**2 - 23*a - 1. Let g be h(9). Let u = g + 45. Let i(c) = -2 - 8*c**2 + c + 3 + 1 - 1. Determine i(u).
-8
Let s(x) = -6 + 239*x - 468*x - 6*x**2 + 225*x. Calculate s(-2).
-22
Let p(f) = 7 - 9*f - 8 + 1 + 13*f - 1. Give p(0).
-1
Let t(v) = -105*v**3 + 6*v**2 + 16*v - 20. Let y(o) = 289*o**3 - 19*o**2 - 47*o + 60. Let r(x) = 11*t(x) + 4*y(x). Determine r(11).
9
Let y = -10 - -13. Let c(v) = 9*v - 4 - 22*v + 13*v - v. Determine c(y).
-7
Let g(z) = -z**3 + 10*z**2 - 74. Let n be g(9). Let y be n*((72/28 - 2) + 0). Let b(p) = p**2 - 6*p + 5. Determine b(y).
-3
Let o(a) = -a + 3. Let n = -32 - -28. Let s(d) = -3*d - 9. Let h be s(n). Suppose -7*p = h*p - 70. What is o(p)?
-4
Let l(q) = -34*q**2 - 22*q + 83. Let k(u) = -95*u**2 - 66*u + 246. Let t(r) = -5*k(r) + 14*l(r). Give t(21).
-47
Let r = 70 - 71. Let g be r/(2*(-5)/(-80)). Let a(c) = -c**2 - 6*c + 11. Determine a(g).
-5
Let i(z) be the third derivative of -z**6/120 + 7*z**5/60 - 13*z**4/24 + 3*z**3/2 - 2*z**2 - 2453*z + 2. Determine i(5).
-6
Let s(m) = m**3 + 9*m**2 + 15*m - 16. Let x be (4/12)/((-2 - -3)/(1 + -19)). Give s(x).
2
Suppose 20 = 5*u + 2*d, -7*d + 2*d + 15 = -5*u. Let q(s) = 2*s + 25 + 4*s - u*s - s - 2. Calculate q(-7).
2
Let d(o) = -5412*o + 9405. Let x(n) = -66*n + 114. Let z(s) = 2*d(s) - 165*x(s). Determine z(1).
66
Let p(b) = -b + 38. Let d be p(16). Let f = -26 + d. Let z(c) = 10*c + 19. Let h(a) = -7*a - 13. Let n(t) = -7*h(t) - 5*z(t). What is n(f)?
0
Let z(a) = -90*a + 141. Let b(x) = 70*x - 143. Let k(y) = 5*b(y) + 4*z(y). Give k(-19).
39
Let t = -4281 - -4258. Let j(n) = 4*n + 80. What is j(t)?
-12
Let q(r) = -r + 12 - 9 + 10. Let u be (-14)/(952/(-17)) - 23/(-4). Determine q(u).
7
Let t(z) = -z**2 - 3*z - 2 + 0*z + 5*z. Let l = 69324 + -69322. Calculate t(l).
-2
Let t(i) = -i**2 + 15*i + 5. Let n = -3272 - -3286. Determine t(n).
19
Let m(q) = -2*q**2 - 44*q - 148. Suppose 199*f + 2767 + 815 = 0. Give m(f).
-4
Suppose 3*r = -w + 32, 3*w - 7*r + 5*r - 41 = 0. Let z(c) = -c + 14 + 4 - w - 3*c. Give z(-2).
9
Let t = -4102 - -4099. Let h(a) = -2*a**2 + 10. Calculate h(t).
-8
Let x(s) = -2*s**2 + 11*s - 7. Suppose 5*h = -a - 12, 3*h + 54*a - 6 = 49*a. Give x(h).
-58
Let f(z) be the third derivative of z**7/2520 - z**6/180 - z**5/40 - 7*z**4/3 - 8*z**2. Let w(i) be the second derivative of f(i). What is w(-2)?
9
Suppose 130*c = 133*c + 5*t + 41, 5*t + 48 = -4*c. Let a(l) = -l**2 - 7*l - 1. What is a(c)?
-1
Let v(x) = -2924 + 0*x + 2920 + 3*x**2 - 3*x - x - 15*x**2. Determine v(-1).
-12
Let c(j) be the third derivative of 0*j**4 + 0*j**3 + 1/120*j**6 + 0*j + 0*j**5 - 22*j**2 + 0. Let s = -8 + 9. What is c(s)?
1
Let q(x) = -5*x**2 + 2*x - 3 + 17*x**3 - 29*x**3 - 3*x + 11*x**3. Suppose 0 = 4*v + 9 + 59. Let b = v + 12. Give q(b).
2
Let b = 14460 - 14448. Let r(g) = -g**3 + 12*g**2 - 2*g + 26. What is r(b)?
2
Let s(v) = 3*v + 14. Let m = 2417 - 2427. Give s(m).
-16
Let t(n) be the third derivative of 0*n + 1/360*n**6 + 17/6*n**3 + 0 + 0*n**5 + 0*n**4 + 8*n**2. Let j(l) be the first derivative of t(l). Calculate j(-1).
1
Let p(j) = -41 + 43 - 56*j + j**2 + 34*j. What is p(22)?
2
Let z(m) = -m**2 + m**3 - 3*m**2 - 4*m**2 + m + 5. Suppose 2*g = 16, 2*p + 174*g = 169*g + 56. What is z(p)?
13
Let c(v) = -3*v**2 - 5*v - 13. Let k be (-1)/1*(40/24)/((-3)/(-9)). What is c(k)?
-63
Let w be 228/20 - (3 + 39/(-15)). Let o(x) = -x**2 + 2*x + 6. Let f(a) = 2*a**2 - 5*a - 11. Let k(g) = w*o(g) + 6*f(g). Determine k(8).
0
Let r(z) = -28*z. Let x = -127 + 144. Suppose -4*p = m + x, -5*p + 7*m = 4*m + 34. Let a be -2 + (-1 - 0) + p + 9. What is r(a)?
-28
Let l(a) = a**3 - 34*a**2 + 87*a + 48. Let d be l(31). Suppose -b + 3*o + 148 = 0, 2 = -5*o + 3*o. Let f = b + d. Let s(c) = c**2 - 8*c + 3. Give s(f).
-4
Let s be 3/4*16*(-3)/(-18). Suppose 0 = s*p + 16 + 16. Let i = -10 - p. Let r(l) = l**2 - 5*l - 6. Calculate r(i).
0
Let j(q) = 79*q**2 - 6*q - 23. Let x(n) = -95*n**2 + 5*n + 24. Let t(y) = 6*j(y) + 5*x(y). What is t(-8)?
6
Let y = 3627 + -3632. Let p(c) = -7*c**2 - 33*c + 6. Determine p(y).
-4
Let p(w) = w**3 + 7*w**2 - w + 56. Let a be 